3 - 2)?
-7
Calculate -3 + (-1 - -2 - (3 - 2)).
-3
(1 - 11) + (7 - -9 - 10)
-4
What is (14 + -16 - 6) + 3?
-5
0 - (3 + (3 - 6 - 2))
2
0 + 4 + 1 + -2
3
Calculate 5 - (-2 - (-2 - 2)).
3
Evaluate 16 + -9 - (3 - 0) - -1.
5
What is 2 - ((-3 - (-4 - 1)) + 2)?
-2
What is the value of -1 + (-1 + 1 - -12)?
11
Evaluate 1 + 1 - -5 - (42 + -39).
4
Evaluate -1 + (1 - ((-6 - -3) + 1)).
2
Calculate (17 - 16) + (1 - (-1 - 2)).
5
What is the value of -2 - (-2 - (0 + -4))?
-4
6 - ((-2 + 8 - 3) + 5)
-2
Evaluate 2 - -1 - 2 - (-5 - -2).
4
What is -2 + 12 + -2 + (3 - 6)?
5
What is -2 + (2 - (3 + -2 + 0))?
-1
-3 + -5 - (4 + -2 + -7)
-3
Evaluate -1 + -6 + -4 + (-2 - -9).
-4
What is 5 + (10 - 11 - 3)?
1
What is the value of 2 + (-3 - (5 - 2))?
-4
1 + -1 + -1 + -8 + 7
-2
What is (-2 - -4) + 2 + 1?
5
What is the value of -3 + 1 + (3 - 1)?
0
What is the value of 3 - (-13 - (0 + -10))?
6
What is 5 - 18 - (-9 - -2)?
-6
Evaluate (8 + -24 - 2) + 11.
-7
9 - 16 - (-1 + -3)
-3
Evaluate 13 + (-10 - (-8 + 3)).
8
What is the value of 0 + (-4 - -3) + 4?
3
What is the value of 0 - -1 - (10 + -5)?
-4
-56 - -55 - (2 - 0)
-3
Calculate (-4 + 13 - 6) + (-1 - 10).
-8
3 + -6 + (-15 - -24)
6
What is the value of 0 - -4 - (12 + (-2 - 1))?
-5
Calculate 18 + -22 - (-3 + 5).
-6
Evaluate 2 + (-2 - -1) - (-2 - 0).
3
What is the value of 8 + (-2 - (1 + (-1 - -5)))?
1
Calculate 2 + -2 - (12 - 11) - -1.
0
1 - (-2 - -3) - 3
-3
Evaluate 0 + (-1 - -3) - (24 + -22).
0
What is -15 - -24 - (2 + 16)?
-9
5 + (-9 - (0 + 3) - -6)
-1
Calculate 14 + -12 + (0 - (-7 + 0)).
9
Evaluate -4 - -3 - -1 - (-6 + 3).
3
Evaluate (5 - 2) + -16 - -8.
-5
(0 - 0) + 4 - (-10 + 12)
2
Calculate 10 + (4 + -9 - 6).
-1
Evaluate (1 - (-2 - (-4 - 6))) + 2.
-5
What is the value of (12 - 9) + -1 + (3 - 1)?
4
Evaluate (11 - (-7 - -10)) + -14.
-6
What is the value of -12 + 5 + 3 + 13?
9
What is (-11 - -7) + (1 - -1)?
-2
Calculate -3 + (-3 - -10) + -3 + 4.
5
Calculate -1 - -1 - (6 + 6 - 10).
-2
Calculate 1 - 0 - (1 + 3 + -8).
5
Evaluate 1 - (22 - 10) - -4.
-7
Calculate -4 - (-5 + (9 - 12)).
4
What is (-4 - -1) + 0 - (2 - 6)?
1
What is -4 + (-2 - -11) - (4 + 4)?
-3
What is the value of (9 - 6 - 6) + -4?
-7
What is the value of -6 + 7 - -16 - 11?
6
Calculate 0 - (0 + 5 + -1 + -4).
0
What is -2 + 0 + -1 + 0 - -3?
0
0 - (-4 - 2) - 1
5
Calculate -8 + (29 + -7 - 8).
6
What is 2 + 9 + -14 + 7?
4
Evaluate 8 - 1 - (-1 + 7).
1
What is the value of 1 + (-12 - -11) - (2 + 0)?
-2
Evaluate (-4 + 6 - (11 + -8)) + 6.
5
Calculate (-4 - 0 - -7) + (-2 - -3).
4
Evaluate -5 + (10 - 7) + -1.
-3
What is the value of -2 + (-1 + 3 - 1) + -3?
-4
Calculate (1 - (2 + (-1 - 1))) + 0.
1
Calculate 14 - (1 - -9) - 11.
-7
Evaluate -2 + (-4 - 1) + (13 - 11).
-5
What is the value of (1 - 4) + 0 - (68 - 67)?
-4
What is -4 - (0 - 4) - (-3 + -5)?
8
What is -8 + (-3 - 1) + 11?
-1
Calculate 3 + 0 + 2 + -3 + -7.
-5
What is -51 + 48 + (-1 - 1)?
-5
What is the value of -3 - (-10 + (-6 - -12))?
1
What is 6 - (-7 - -7 - -12)?
-6
-2 + 7 + -10 + -4 + 9
0
(6 - 0) + -12 + 12
6
Calculate 1 - -4 - (4 + (2 - -3)).
-4
What is (2 - 4) + 6 + -4 - 4?
-4
-10 + (0 - -4) - (3 - 5)
-4
What is 0 + 4 + -1 + -6?
-3
Calculate -8 - (10 - 22) - (1 - 3).
6
Calculate (-5 - -2) + 10 + 1 + 0.
8
Evaluate 0 + -2 - (5 + -9).
2
Calculate -2 - (-7 + 1 + 0).
4
What is -3 - (4 + 0 + -8)?
1
What is the value of 6 + -1 - -7 - 5?
7
What is -11 + 2 + 4 - -4?
-1
Evaluate -4 + (1 - (0 - 4)).
1
1 + -3 + 0 + (1 - 2)
-3
What is 2 + (0 - 5 - -2) - 4?
-5
What is the value of 7 + -7 + 1 + -18 + 17?
0
Calculate (0 - -1) + -15 + 18 + -3.
1
-1 - (-2 + (3 - 2) + -1)
1
-4 + -4 + 5 + 0
-3
What is 7 + 0 + -4 + 0?
3
Calculate -1 - (6 + -4 + 0).
-3
(-7 - -6) + -10 - -5
-6
What is the value of 2 + 0 + -5 + 4 - 0?
1
Evaluate 6 - (-3 - (-9 - -3)).
3
What is the value of -46 + 43 - (0 - 11)?
8
What is the value of -4 + -5 + 10 + -5?
-4
2 + -3 + -1 + (-2 - 0)
-4
What is the value of -7 - (-14 - (3 + -4))?
6
Calculate 3 + 0 + 2 + -2 + 1.
4
2 - (0 + (6 - (-2 + 4)))
-2
What is the value of -5 + (-6 - -1 - -11)?
1
Evaluate 7 + (12 - 19) - (-1 + 0).
1
What is -3 + 1 + -1 + 6?
3
What is -3 + (7 - (1 + 2)) + -1?
0
Evaluate -5 - (-5 - 2 - -3).
-1
What is -4 + -6 + 12 + 7 - -1?
10
What is the value of -9 + 6 + (-4 - -2)?
-5
What is -8 - (-22 - (-17 + 8))?
5
Calculate (-2 - 3) + 8 + (-16 - -9).
-4
What is (-3 - (4 - -1)) + 8?
0
Evaluate (-41 - -41) + (2 - (1 + 0)).
1
What is 1 - 7 - -8 - -1?
3
Evaluate 3 - (2 - (-3 - -9 - 5)).
2
What is -7 + -4 + 8 + -2?
-5
What is (-1 - -4) + (-1 - 4) + 4?
2
Evaluate 1 + 3 + -6 + -1.
-3
What is (-3 - 0 - 0) + 7?
4
What is the value of -14 + 5 - -8 - (2 + -3)?
0
Calculate 14 + 5 + -18 + -11.
-10
Evaluate -12 - -9 - -6 - (9 - 0).
-6
(1 - -3) + -1 + 4 + -2
5
-39 - -39 - (1 + 6)
-7
Calculate 3 - (-2 + 6) - (2 + -7).
4
Evaluate 2 + 8 + -5 + -2.
3
Evaluate -2 + -1 + 4 + 2 + -7.
-4
Calculate -2 + -1 + (-11 - -8) + 5.
-1
Evaluate -12 + 6 + -3 + 7.
-2
What is 3 + -7 + (41 - 32)?
5
-2 - (-19 - (-14 + 1))
4
What is (-7 - -1) + (3 - -1 - 1)?
-3
What is the value of -2 + 6 - 5 - -5?
4
What is the value of 7 + -4 + -8 + (11 - 1)?
5
What is (-19 - -19) + (2 - 2) + 0?
0
-5 + 9 - (2 - 0)
2
What is the value of -10 - ((-9 - 1) + 2)?
-2
What is (-1 - (1 + 8)) + -162 + 165?
-7
-6 + (9 - (-5 - -8))
0
Evaluate -1 + -1 + 1 + 155 + -150.
4
Calculate 15 + -21 + (0 - -4).
-2
Evaluate 3 + (-9 - -2 - (-4 + -1)).
1
What is the value of -4 + 6 - 0 - (1 + -2)?
3
What is -5 + -3 + 1 + (3 - -10)?
6
-2 + (-4 - -14 - 5)
3
What is the value of (8 - 8 - 1) + (-1 - 1)?
-3
Calculate 26 + (-9 - 7) + -3 + -2.
5
What is the value of -6 + (0 - (1 - 4))?
-3
What is (17 - 2) + -4 + (-9 - -3)?
5
Evaluate 19 + -2 - 9 - 11.
-3
Evaluate 6 - 2 - (0 - -1).
3
What is (1 - (-5 - -4) - 1) + 6?
7
What is the value of 5 - (9 - (6 + -9 + 4))?
-3
What is -2 - (1 + -3 + -4 + 9)?
-5
What is the value of 4 + 13 + (-6 - 3)?
8
What is the value of -8 - 0 - (14 + -18) - -9?
5
Calculate (4 - 1) + 3 + -2.
4
Evaluate 7 + -1 + 35 + -35.
6
Evaluate 5 + -3 - (-8 - -6).
4
(1 - (-1 + (4 - 0))) + 1
-1
Calculate -13 + -4 + 19 + 1.
3
(5 - 1 - 13) + (6 - 2)
-5
Evaluate (0 - (-5 - -7)) + -7.
-9
Evaluate (-7 - 1 - 2) + 10.
0
Calculate 3 - (-3 - (-5 + 0 + 1)).
2
-2 - (-6 - -1) - (5 - 6)
4
What is 12 + -8 + -9 + 0?
-5
Evaluate 0 - (2 + -2 - -4) - -11.
7
Calculate -4 - (-1 - (1 + -3)).
-5
What is (-7 - -15) + -4 + -1 - 5?
-2
What is -6 + -5 + -3 + 8 + 1?
-5
What is (2 - -2) + -1 + (-2 - 4)?
-3
Calculate 3 + -7 - (-14 - -15).
-5
Evaluate 0 + (2 - 1 - 1) + -1.
-1
4 + (4 - 0) + -12 - -9
5
Calculate -1 + 9 + 2 + -6.
4
Evaluate 1 + -6 - (-22 + 21).
-4
What is 0 - -1 - (-81 + 81)?
1
Evaluate 1 + (10 - 5 - 4 - 0).
2
(-7 - -4) + (1 + -1 - 2)
-5
Evaluate 3 - ((-11 - -4) + 4).
6
Evaluate -8 + 7 + -5 + 9.
3
(-40 - -45) + (-11 - -1) - -2
-3
What is the value of (8 - 8 - 9) + 16?
7
0 + -3 + -4 + 0 + 4
-3
Evaluate 2 + 5 + -3 + 1 - 10.
-5
Calculate (0 - 0) + 2 - (8 - 4).
-2
What is 4 - ((-2 - -3) + 3)?
0
-4 - ((-1 - -4) + -8)
1
What is (-19 - -12) + (0 - -3 - 6)?
-10
Calculate (7 - (-3 + 8)) + -4.
-2
What is the value of 2 + 4 + -3 + 0 + 0?
3
Calculate 4 + (5 - 23 - -10).
-4
What is the value of (1 - 4) + (3 - 0) - 3?
-3
Calculate 4 + 0 - (6 + 4) - -9.
3
3 + -3 - (-9 + 10 - 4)
3
What is the value of 5 + (11 - 5) + -3?
8
What is the value of (-6 - -4) + -9 - -5?
-6
What is the value of (8 + -10 - (1 + -1)) + 3?
1
-10 - (7 - 10) - -9
2
What is (0 - (4 - 8)) + -1?
3
-4 - ((1 - 0) + -9)
4
Calculate -84 + 81 - (0 - 0).
-3
What is -11 + (1 + -7 - (-15 + 6))?
-8
What is (-9 - -3) + 2 + -3 + 3?
-4
Evaluate 3 + -6 - 0 - 3.
-6
-4 - ((1 - 3) + (10 - 11))
-1
(-3 - 1 - -8) + -7 - 1
-4
(-149 - -143) + -1 + (9 - 2)
0
-1 + (3 - (1 + 2))
-1
What is 0 - -10 - (-18 - -8 - -10)?
10
What is the value of 1 + -7 + 4 - 1?
-3
What is the value of -1 - -1 - (5 + 0 + -5)?
0
Evaluate 0 + 7 + 2 + -6.
3
Evaluate (-2 - -7) + -8 + 0 + -1.
-4
What is (-9 - (-17 + 8)) + 0?
0
Evaluate -4 + -4 + 4 - 1.
-5
What is 2 + -6 + 9 + -2 - 8?
-5
Calculate 15 + -8 - (-1 - -8) - 0.
0
What is the value of (-4 - -4) + 1 + -6?
-5
What is 9 - 3 - 20 - -8?
-6
What is the value of -4 + 1 + 6 + -7?
-4
What is the value of 6 + (12 - 7) + -13?
-2
Evaluate -6 + (15 - 16) + (0 - 0).
-7
What is the value of (3 - -1) + 5 + (1 - 9)?
1
What is the value of -3 + (3 + 